inder when m is divided by l?
8
Suppose 3*x = -6, -18*c - 5*x + 95 = -13*c. What is the remainder when 134 is divided by c?
8
Let w = 76 - 1. Let m = w + -17. What is the remainder when m is divided by 1*((-6)/(-3) - -13)?
13
Let b(o) = 21*o + 2. Let h be b(2). Suppose 42*g = h*g - 68. Calculate the remainder when 305 is divided by g.
33
Let t = -532 - -737. Let w(g) = 3*g**3 - 2*g**2 - 5*g + 4. What is the remainder when t is divided by w(3)?
49
Let a = 2608 + -2433. Calculate the remainder when a is divided by 31.
20
Let j be 9 + 0*1/2. Let s = 13 + j. What is the remainder when 86 is divided by s?
20
Let j = 1743 - 1728. Suppose -8*f + 3*f + 20 = 0. Suppose f*q + 28 = 5*q + p, 0 = -q + 5*p + 34. What is the remainder when q is divided by j?
14
Calculate the remainder when ((-20)/25)/(2/105)*-1 is divided by 30.
12
Suppose -3*c = 4*i - 35 - 0, -2*i - 10 = -4*c. Suppose -t = -3*w + 34, -i*w + 3*t = -t - 52. Calculate the remainder when 35 is divided by w.
11
Let t(j) = -2*j + 125. Calculate the remainder when 266 is divided by t(29).
65
Let d(m) = m**3 + 8*m**2 + 5*m - 5. Let l = 141 - 99. What is the remainder when l is divided by d(-7)?
6
Let o(b) = b**3 + 8*b**2 + 2*b + 1. Let l be o(-9). Let f = l - -144. What is the remainder when f is divided by 4/18 + 636/54?
10
Calculate the remainder when 123 - (1/(-5 - -6))/1 is divided by (-8)/10 - 129/(-5).
22
Let f(y) = y**3 + 2*y**2 - 2*y + 2. Let v(t) = -5*t**2 + 4. Let a be v(-3). Let j = a + 81. Calculate the remainder when j is divided by f(2).
12
Suppose -u = 3*w + 2*w - 6, 20 = 2*u + 2*w. Suppose 4*g - 149 = -33. What is the remainder when g is divided by u?
7
Let u = -260 + 304. Let t = 12 + -3. Calculate the remainder when u is divided by t.
8
Let m(v) = 2*v**3 + 17*v**2 - 13*v - 14. What is the remainder when (-126)/(-4)*(-36)/(-27) is divided by m(-9)?
20
Suppose u + z - 433 = -u, -u + 3*z + 199 = 0. What is the remainder when u is divided by 24?
22
Let s = -57 - -88. Let a = -1967 - -1978. Calculate the remainder when s is divided by a.
9
Let u(c) = -7*c - 1. Let x be u(1). Suppose 0 = -3*b + 50 + 4. What is the remainder when (-562)/x + (-18)/(-24) is divided by b?
17
Let p = -883 - -1344. What is the remainder when p is divided by 22?
21
Let u = -26 + 36. Let a be 6/u - (-296)/40. Suppose 2*h - a = -0*m + 5*m, 3*h = 4*m + 12. What is the remainder when 14 is divided by h?
2
Let z = -1 + 3. Suppose 0 = 3*t + 15, -2*x = 3*t + 5 + 6. Calculate the remainder when z is divided by x.
0
Let v(d) = d**2 + 34*d + 138. What is the remainder when 302 is divided by v(-30)?
14
Let t = -197 - -141. Let r = t - -129. Suppose -2*l = 3*d + 3*l - r, 3*d - 71 = -4*l. Calculate the remainder when d is divided by 12.
9
Suppose -2 = -y, 3*y + 3898 = 4*g - 2*y. Calculate the remainder when g is divided by 89.
87
Let r(f) = -2*f**2 - f + 38. Let k(h) = -3*h**2 - h + 57. Let d(m) = -5*k(m) + 7*r(m). Calculate the remainder when 28 is divided by d(6).
3
Let z be 66/8 + 0 + 2/(-8). Suppose 6*x = -z*x + 140. Suppose 59 = 5*n - 36. What is the remainder when n is divided by x?
9
Let w = -1012 - -1036. What is the remainder when 33 is divided by w?
9
Suppose 0*b + 2*b = 2. Suppose -2*w + 57 = -b. Let c = 53 - w. Calculate the remainder when 69 is divided by c.
21
Suppose -2*v - 25 = 45. Let m = 57 + v. Calculate the remainder when 42 is divided by m.
20
Suppose 4*y - 3*a = 5*y - 2, -4*y = 3*a - 17. Suppose -4*g - 4*x + 167 = 71, y*g - 110 = 5*x. Calculate the remainder when 89 is divided by g.
20
Let y = 355 - 286. Calculate the remainder when y is divided by 29.
11
Let f = 80 - 71. Calculate the remainder when 98 is divided by f.
8
Suppose -106 + 426 = 5*c. What is the remainder when c is divided by 18?
10
Let u(x) = x**3 + 12*x**2 + 15*x + 6. Calculate the remainder when u(-10) is divided by 15.
11
Let i(a) = a**2 - 21*a + 35. Calculate the remainder when i(32) is divided by 39.
36
Let v(a) = -a + 11. Let z = 180 - 55. What is the remainder when z/10 + (-1)/(-2) is divided by v(6)?
3
Suppose 0 = 15*s - s - 168. What is the remainder when 177 is divided by s?
9
Suppose 0*a - 2*s = -a + 35, 4*a = 4*s + 128. Calculate the remainder when 71 is divided by a.
13
Suppose 3*f - 76 = f - 3*w, -f + 44 = 3*w. Suppose -1 = -d + 11. What is the remainder when f is divided by d?
8
Suppose 4*q - 108 = -p + 6*p, 0 = -2*q - 5*p + 24. Let t = -15 + q. Suppose 24 = t*c - 3*c. Calculate the remainder when 17 is divided by c.
5
Let f(j) = -37*j - 21. Calculate the remainder when f(-10) is divided by 44.
41
Let j(z) = 2*z**2 - 9*z - 2. Calculate the remainder when 59 is divided by j(-2).
11
Calculate the remainder when 335 is divided by 70*2*1/5.
27
Let o = 83 + -74. Calculate the remainder when (-6)/o*-27*40/3 is divided by 61.
57
Suppose 1413 = -g + 10*g. Calculate the remainder when g is divided by 40.
37
Let o be ((-3)/(6/10))/((-4)/4). Suppose -25 = -2*h - x, -29 = 3*h - 4*h + o*x. Calculate the remainder when 51 is divided by h.
9
Let y = -1472 - -1760. What is the remainder when y is divided by 58?
56
Let m = 4 + 0. Suppose -m*a + 6*a = 26. Suppose 5*k - 9 - 16 = 0. What is the remainder when a is divided by k?
3
Suppose 11*o + 10*o - 2058 = 0. What is the remainder when 976 is divided by o?
94
Let k(h) = 3*h**2 - 5*h - 25. Suppose 2*r = -3*y - 11, 7 = -3*y - 5*r + r. What is the remainder when k(y) is divided by 39?
36
Suppose 314 = -9*j + 926. Calculate the remainder when j is divided by 14.
12
Let m(r) = 10*r + 102. What is the remainder when m(-8) is divided by 2?
0
Let x = 44 + 2. Let h(t) = -t**2 + 8*t - 10. Let d be h(6). Let b = d + 14. What is the remainder when x is divided by b?
14
Let i(y) = y**3 - 15*y**2 + y + 5. What is the remainder when 296 is divided by i(15)?
16
Suppose 2*v + 5*t = 254, 3*v + 7*t - 3*t = 381. Calculate the remainder when v is divided by 17.
8
Let v be 2/((-4)/18*-3). Suppose -v*c + 11 = -13. What is the remainder when c is divided by 2?
0
Let r(l) = l**3 + 9*l**2 + l + 11. Let k be r(-9). Suppose k*t - 39 = 267. What is the remainder when t is divided by 31?
29
Let d(c) = -72*c. Let q be d(-1). Suppose -3*a - 83 = 10. Let z = a + q. What is the remainder when z is divided by 11?
8
Let f(h) = -h**2 - 4*h + 5. Let o be f(-4). Let z(m) = o + 8*m + 0*m - 9*m. What is the remainder when 35 is divided by z(-4)?
8
Let y(a) = -45*a - 7. Let o(r) = -11*r - 2. Let p(w) = -18*o(w) + 4*y(w). Calculate the remainder when p(2) is divided by 9.
8
Let j = 188 - -103. Suppose 5*d = 139 + j. What is the remainder when d is divided by 18?
14
Let u be (0/(-4))/(-2) - 16. What is the remainder when 78 is divided by (-5*u/2)/2?
18
Let l = 9 - -726. Calculate the remainder when l is divided by 23.
22
Let g = -395 + 1484. What is the remainder when g is divided by 21?
18
Suppose -3*d + 20 = 2*d. Suppose 0 = 2*o - 14 - d. Calculate the remainder when o is divided by 0 + 6 + -1 + 1.
3
Calculate the remainder when 3/12*38*8 is divided by 13.
11
Let g be 3*(3 - (-2)/(-1)). Let x be g*(-1 + 39/(-9)). Let o = x - -39. Calculate the remainder when 66 is divided by o.
20
Let h be 0 + (1 - 0) + -2. Let w be h*(2 - 3)*281. Suppose -5*q - 101 + w = 0. What is the remainder when 105 is divided by q?
33
What is the remainder when 408 is divided by -4 + 5 + 0 + 102?
99
Let u(d) = 13 + d + 20 + d**2 + 0. Calculate the remainder when u(0) is divided by ((-12)/5)/(1/(-5)).
9
Suppose -3*i - 3*a + 7 = 1, 3*i - 21 = 2*a. What is the remainder when (72/(-39))/(22/(-143)) is divided by i?
2
Let h = 5 + -3. Let x = -1 + h. Suppose 205 = 68*d + 1. What is the remainder when d is divided by x?
0
Calculate the remainder when (-75)/(-27) + 3 + 14/63 is divided by 3.
0
Let n(r) be the first derivative of -r**2 + 3*r - 1. Let d(b) = 3*b - 6. Let w be d(0). What is the remainder when 29 is divided by n(w)?
14
Suppose -66 = -2*t - 4*w, -5*t - 122 = -9*t - 3*w. Calculate the remainder when 198 is divided by t.
24
Suppose 4 + 4 = -w. What is the remainder when 36 is divided by w/(-6)*45/6?
6
Suppose -3*k + 7*k = 20. Suppose k*c = 5*n - 35, -n + c = -c - 5. Calculate the remainder when 16 is divided by n.
7
Let m(s) = 12*s**2 + 10 + 16 - 27*s - 9 + s**3. Calculate the remainder when 10 is divided by m(-14).
1
Let i = -24 - -37. What is the r